late the greatest common factor of s and 73.
73
Suppose -3*a + d - 6*d + 50 = 0, -d = -3*a + 62. What is the highest common divisor of a and 5?
5
Let i(d) = d. Let f be i(5). Let s(v) = 2*v + 14. Let l be s(-5). Suppose -l*c - 275 = -9*c. Calculate the highest common factor of f and c.
5
Let j(g) = -2*g + 7. Let m be j(8). Let c = m - -10. Let f be c/((9/105)/3). Calculate the highest common factor of 7 and f.
7
Let z be 550*-1*2/(-5). Let u be (-3)/(((-21)/20)/7). Calculate the highest common divisor of z and u.
20
Suppose -5*p + 0*p - 711 = -3*w, -2*w + 490 = 2*p. Suppose 3*k = -2*c + 56, 16 = c + 4*k - 22. What is the greatest common divisor of c and w?
22
Let l(o) = 11*o**2 - 4*o. Suppose -n + 1 = 2*z, 0 = 2*z + 3*n - 1 + 6. Let b be l(z). Calculate the greatest common divisor of b and 54.
18
Let z(b) = -3*b**3 - 10*b**2 - 5*b - 10. Let r be z(-4). Let d = r + -34. What is the greatest common divisor of d and 88?
8
Let y be 8/44 + (-6152)/(-44). Suppose -3*b + 6*f = 2*f - 145, -b = -5*f - 63. Let a = b + -29. Calculate the highest common divisor of y and a.
14
Suppose -5*o - 4 = 31. Let m be ((-34)/7 + 4)*o. What is the greatest common divisor of m and 24?
6
Suppose 5*l + w + 58 = 0, 0*w - 34 = 3*l + w. Let q be (2*l)/(6 + -7). Calculate the greatest common factor of 192 and q.
24
Suppose 0 = m + 6*n - 9*n - 1598, -6374 = -4*m + 3*n. What is the greatest common divisor of m and 8?
8
Suppose n = -4*n - 100. Let t = n + 47. Suppose 0 = -f - 2*f + t. Calculate the greatest common divisor of f and 6.
3
Let j(s) = -s**3 - 14*s**2 - 15*s - 11. Let n be j(-13). Suppose -n*b + 576 = -11*b. What is the highest common factor of 16 and b?
16
Let x(y) = 4*y + 99. Let h be x(-18). Calculate the highest common factor of h and 15.
3
Let g be (-510 + -6)/(8/(-12)). What is the highest common divisor of 18 and g?
18
Let n be 1 + 0 + -1 + (-15 - -15). Suppose 10 = 2*u + r - 17, -5*u - 5*r + 65 = n. What is the highest common factor of u and 7?
7
Let b be -3*10/(-6) + (-2 - -19). What is the highest common divisor of b and 198?
22
Suppose 74*j + 28 = 75*j. What is the highest common divisor of j and 350?
14
Let p be (-3)/(-3*56/48 + 3). Calculate the greatest common factor of 6 and p.
6
Let x(n) = n**3 + 5*n**2 + 2*n - 7. Let u be x(-3). Suppose u*j - 11*j + 270 = 0. Calculate the highest common divisor of j and 18.
9
Let q = -358 + 708. Suppose 14*i = 4*i + q. What is the highest common factor of 245 and i?
35
Let h = 243 + -230. Let u be 4/3 + 4/6. Let g be 1 - -1 - (-282)/u. What is the highest common factor of g and h?
13
Let f be (-8)/12*270/(-4). Let z be (-176)/(-10) + (-8)/(-20). What is the highest common divisor of f and z?
9
Suppose 3*a - 199 = -2*u, 0 = 5*a - 3*u + 103 - 460. Suppose -3*m + 130 = 2*i, -m + 0*i = -2*i - 54. What is the highest common factor of a and m?
23
Let u(o) = -6*o - 56. Let x be u(-10). Suppose -94 = -x*z - 2*b - 24, 1 = z - 5*b. Calculate the greatest common factor of 88 and z.
8
Let x = -78 + 270. Suppose x = 3*z + z. Let a(f) = f**2 + 12. Let j be a(0). What is the greatest common divisor of j and z?
12
Let n(y) = -y**3 + 10*y**2 - 10*y - 5. Let a be n(5). Let t = -51 + a. Calculate the greatest common divisor of 19 and t.
19
Suppose -5*k - 277 = -7*k + x, -x = 4*k - 551. What is the greatest common factor of k and 322?
46
Suppose -r = -3*z - 2172, 23*z - 6532 = -3*r + 24*z. Calculate the greatest common divisor of 18 and r.
18
Suppose b - 732 = -n, 5*b + 724 = 6*b + 3*n. What is the greatest common divisor of 64 and b?
32
Suppose 90 = -5*w - 50. Let d = 29 + w. What is the greatest common divisor of 2 and d?
1
Let l(y) = 11*y**2 + y - 1. Let z be l(1). Let w = 11 - z. Suppose 2*n = 5*g - w*g - 396, -5*g + 3*n = -394. Calculate the highest common factor of g and 10.
10
Let s be 8/(-12)*3 + -4. Let n(x) = x**3 + 6*x**2 - 3*x - 9. Let j be n(s). Suppose -170 = 4*z - j*z. Calculate the greatest common factor of z and 85.
17
Let t = 190 - 125. Let c = t + -38. What is the greatest common factor of c and 54?
27
Let s(x) = -x + 148. Let u be s(-26). Calculate the highest common divisor of 6 and u.
6
Let k(y) be the third derivative of -5*y**4/24 - 4*y**3/3 - 2*y**2. Let v be k(-10). Calculate the highest common factor of v and 28.
14
Suppose -18*f = -30*f + 2688. Calculate the greatest common divisor of 28 and f.
28
Let o(l) = l**3 - 8*l**2 - 10*l + 15. Let g be o(9). Let j be (-3)/g - (-362)/4. What is the highest common factor of j and 10?
10
Let w(f) = 2*f**2 - f + 1. Let i be w(1). Suppose -i*s + 3*s - 1 = 0. Suppose 0 = 3*y - 12 + 3. What is the greatest common divisor of y and s?
1
Let w(l) = -l + 9. Let g be 12/(-14)*84/(-12). Let p be g/((-1)/((-3)/(-2))). Let j be w(p). Calculate the highest common divisor of j and 2.
2
Let w(r) = -2*r**3 + 0*r**2 + 6 + 1 - r - 1 - 4*r**2. Let f be w(-3). What is the highest common factor of 9 and f?
9
Let n(f) = -7 + 10*f**2 + f**3 - 17*f - f**2 + 5*f**2 + f**2. Let i be n(-16). What is the highest common factor of i and 18?
9
Suppose -21 + 853 = o. What is the highest common factor of 128 and o?
64
Let d(m) = -m**3 - 11*m**2 + m - 72. Let j be d(-12). Calculate the highest common factor of j and 84.
12
Let y be (12/(-14))/(31/(-6944)). Let w = 22 + 22. Suppose 2*n - 4 = w. What is the highest common factor of n and y?
24
Suppose c + 0*h = 5*h + 172, -5*c - 3*h + 804 = 0. Let f = 169 + -151. What is the greatest common factor of f and c?
18
Suppose 0 = -12*c + 5127 - 471. What is the greatest common divisor of c and 679?
97
Let g(s) = 12*s - 119. Let z be g(10). What is the highest common divisor of z and 31?
1
Let y(t) = -4*t + 8. Let p be y(4). Let v be 10/(p/12*3). Let w = 9 - v. Calculate the highest common divisor of 112 and w.
14
Let b(m) = m**3 + 8*m**2 + 4*m - 2. Let l be b(-6). Suppose -138 - 2 = -2*w + n, 3*w - 3*n = 213. What is the highest common factor of w and l?
23
Let i(a) = -6*a + 3. Let o be i(-18). What is the greatest common divisor of o and 37?
37
Let g = 368 - -16. Calculate the highest common divisor of g and 48.
48
Let v(n) = n**3 + 15*n**2 - 3*n + 18. Let k be v(-15). Let a(f) = 10*f**2 - 1. Let u be a(-1). Calculate the greatest common factor of u and k.
9
Suppose 13*h - 12*h = 5. Let p be 3/(-15) - (-441)/h. Suppose -15 - 1 = -2*v. What is the greatest common divisor of p and v?
8
Let s be (-2)/(-3)*(-45)/(-6). Suppose 0 = -3*j - 4*q + 85, 6 = s*q + 31. What is the highest common factor of 14 and j?
7
Let z(p) = 6*p**3 - 5*p**2 + 3. Let x be z(3). Let u = 38 + 10. What is the highest common factor of u and x?
24
Let p(t) = 31*t**3 - 15*t**3 - 11*t - 12*t**2 - 17*t**3 + 4. Let n be p(-11). Suppose n*a = a + 96. What is the greatest common factor of a and 32?
32
Let g be 2*-3*(-1)/3. Suppose 0*c = -c + 3*q - 13, -g*q = -10. Suppose -c*o + o + 162 = 0. Calculate the greatest common factor of o and 18.
18
Let l = 31 - -53. Let d be (l/(-15))/((-12)/30). Suppose -2*c - 3*c + 70 = 0. Calculate the greatest common factor of d and c.
14
Let m = 77 - 72. Suppose -5*j - 5*g = -215, 2*g + 38 = j - 11. Calculate the greatest common factor of m and j.
5
Let d = -1295 - -1308. Calculate the greatest common divisor of 3 and d.
1
Let v be (-3 - -6) + -2 - (-154)/7. Suppose v*g = 26*g - 54. What is the highest common factor of g and 6?
6
Let f be (138/(-207))/(4/(-426)). Calculate the highest common factor of f and 781.
71
Let q(y) = 28*y**3 - y. Let r be q(1). Suppose 0 = 3*j + a - 5*a + 32, 0 = -5*j - 2*a - 62. Let c = j + 15. Calculate the highest common divisor of c and r.
3
Suppose -4*c - 3*n + 141 = 0, c = 3*c - n - 83. Let t = 62 + -36. What is the highest common divisor of c and t?
13
Let r be 4 - ((-18)/(-3) + -2). Suppose 2*m + 4*i - 348 = 0, -4*i = 4*m - r*m - 684. Calculate the highest common factor of m and 24.
24
Let g = 92 + -35. Let z = 74 - g. Calculate the greatest common factor of z and 51.
17
Suppose -96 = -12*g + 9*g. Calculate the highest common factor of 248 and g.
8
Suppose 28*r - 156 = -11*r. What is the highest common factor of r and 12?
4
Let m be (3/(-6))/((-2)/(-12)). Let f be 17 - (m + (2 - 0)). Let z(y) = y**2 - y + 3. Let b be z(3). Calculate the highest common divisor of b and f.
9
Let g be 2/(-5) - (-12308)/170. What is the greatest co